t r = -341 + 337. Determine i(r).
-13
Let b be (-1)/(-2) + 11/(-2). Let k(h) = -43*h**3 - 4*h**2 + 20*h - 30. Let y(w) = -27*w**3 - 3*w**2 + 13*w - 19. Let c(a) = 5*k(a) - 8*y(a). Determine c(b).
-3
Let u(y) be the second derivative of -y**4/12 - 2*y**3/3 + 4*y**2 - 490*y. What is u(4)?
-24
Let a(k) = -k**2 + 4*k - 4. Let s be a(1). Let m(f) = 41*f**3 + f**2 - f - 1. Give m(s).
-40
Let b(l) = -l**3 - l**2 + l - 2. Let j = -1547 - -1547. Determine b(j).
-2
Let v(i) = -3 + 48*i + i**2 - 48*i. Let f be 4/22 - 217/(-77). Calculate v(f).
6
Let f(p) = 2*p**3 - p**2 - 2*p - 1. Let q = -20 - -37. Let i = 3 - q. Let g = -12 - i. Calculate f(g).
7
Let m(v) = -v - 4. Let y(d) = 3*d + 13. Let s(f) = 14*m(f) + 4*y(f). Suppose -27 = -5*i + 13. Determine s(i).
-20
Let g(l) = -23*l**2 + 3*l + 43. Let v(f) = -10*f**2 + f + 21. Let x(n) = -3*g(n) + 7*v(n). What is x(-5)?
3
Let p(k) = k**3 + k**2 + 3. Let v be p(0). Let f(h) = -h**2 + h - 3. Give f(v).
-9
Let k(z) = z**2 - 2*z + 5. Let x be k(0). Let f(t) = t - 3. Determine f(x).
2
Let g(w) be the first derivative of -w**4/4 - 10*w**3/3 + 9*w**2/2 - 9*w + 3. Let x be g(-11). Let t = 10 - x. Let h(u) = -u. Calculate h(t).
3
Let o(m) = -5*m - 14. Let z(c) = c + 3. Suppose 0 = b - 12 + 1. Let k(l) = b*z(l) + 2*o(l). What is k(-6)?
-1
Let d = 2829 - 2828. Let v(l) = -2*l**2 - 3. Calculate v(d).
-5
Let c(r) = -r**3 + 5*r**2 + 5*r + 6. Let f = -2 - -8. Give c(f).
0
Let m be (-49)/63 + ((-64)/(-36) - 2). Let i(b) = 2*b**2 - b - 1. What is i(m)?
2
Let c(a) = 1. Let v(q) be the second derivative of q**3/6 - 3*q**2 - 29*q. Let i(d) = 4*c(d) + v(d). Determine i(5).
3
Let q(u) = -2*u**2 - 2671*u + u**3 + 2679*u + 5 + 7*u**2 + 2*u**2. Calculate q(-6).
-7
Let m = -36 - -38. Let r(w) = w**3 - 7*w**2 + 2 - 5*w + w**2 + 4*w**m + 0*w**2. What is r(3)?
-4
Let x(p) be the first derivative of -1/3*p**3 - 1/2*p**2 + 0*p - 15. Calculate x(-1).
0
Let u be 4 + (-1 + 2 - 4). Suppose -3*j = -2*p - 8, 3*p - 4*j = -5*j - u. Let c be (p + 1)/(-1 + 2). Let s(x) = x + 10. What is s(c)?
10
Let a(q) = 2*q - 8. Let p(r) = -3*r + 13. Let n(m) = 5*a(m) + 3*p(m). Let g be (-1)/(1/1) + -6. Calculate n(g).
-8
Let j(q) be the third derivative of -q**6/120 + q**4/12 + 2*q**3/3 - 14*q**2. What is j(3)?
-17
Let n(d) = -d**2 - d - 2. Suppose 3*m - 2 - 4 = 0. Suppose 2*v + 8 = 0, -3*v - 3 = -m*o + 13. Determine n(o).
-8
Let i(t) = -3*t + 19. Let y be i(6). Let z(k) be the first derivative of k**4/4 + k**3/3 - k**2/2 - 33. Calculate z(y).
1
Let h(t) = 0 + 1 - 2 - 2*t. Suppose -2*o = 5*m, -3*o = o + 3*m. Suppose 5*y + 11 - 16 = o. Determine h(y).
-3
Let i(n) = -n**3 - 11*n**2 - 11*n - 6. Let v(a) = -526*a**2 + 10*a - 10 + 527*a**2 + 0. Let y be v(-10). What is i(y)?
4
Let z = -32 + 27. Let u(q) = 6*q**3 + 3*q**2 + 4*q + 1. Let m(b) = -5*b**3 - 2*b**2 - 3*b. Let v(w) = z*m(w) - 4*u(w). What is v(3)?
2
Let j be ((-234)/(-10))/1 - (-27)/45. Let r(n) = -n**2 + 26*n - 52. Give r(j).
-4
Let l(i) = 2*i + 3. Let v(c) = -3*c - 2. Let b(q) = 3*l(q) + 4*v(q). Give b(2).
-11
Let p(z) = 3*z**2 + z. Let t be (24/(-32))/(12/32). Calculate p(t).
10
Let r(x) = 9*x. Let l(a) = 10*a. Let h(n) = -3*l(n) + 2*r(n). Let g(v) = -v**3 - 24*v**2 - 26*v - 54. Let f be g(-23). Let y = f + -14. Calculate h(y).
-12
Let y(v) = 6*v - 3. Let h(x) = 10*x - 5. Let s(q) = 4*h(q) - 7*y(q). Calculate s(-1).
3
Let k(p) = 3*p - 16. Let c be k(5). Let z(u) be the first derivative of 0*u + 3*u**2 - 4*u**2 + u - 6. Determine z(c).
3
Let i(q) = -7 + 5*q - 2*q**2 - 5*q + 5*q + 3*q. Calculate i(1).
-1
Let y(x) = x**2. Let s(k) = -2*k**2 + 3*k**2 + k**2 - 4 - 3*k. Let h(d) = -s(d) + 3*y(d). Let u(q) = 8*q - 67. Let t be u(8). Determine h(t).
4
Let y(f) = 133 + 0*f - 135 + f. Let c = 1 + -1. Suppose c = -2*q + q + 2. What is y(q)?
0
Let s = 412 + 275. Let c(u) = -682 - 5*u + s - u**2 - 2*u. What is c(-7)?
5
Let m(q) = 859 - 435 - q**2 - 433 - 5*q. Determine m(-6).
-15
Let r = -10 + 22. Suppose p - r = -p. Let i(h) = -4*h**3 + 5*h**2 + 2*h + 5. Let b(g) = -7*g**3 + 10*g**2 + 5*g + 11. Let t(w) = 3*b(w) - 5*i(w). What is t(p)?
2
Let r(n) be the first derivative of -n**4/4 + 14*n**3/3 - n**2 + 10*n - 142. What is r(14)?
-18
Let y(j) = -4*j. Suppose 8*u - 12*u + 8 = 0. Suppose 3*f - 2*p = 1, -4*p + 0 = u*f - 6. Determine y(f).
-4
Let f(i) = -2*i. Let j(z) = 7*z**2 - 4*z + 3. Let r be j(1). Calculate f(r).
-12
Let q(y) be the first derivative of -2*y**4 + y**3/3 + y**2/2 + 30. Let m = -2 + 1. Give q(m).
8
Let d(c) = -8*c + 6. Suppose 458*q = 469*q - 55. Calculate d(q).
-34
Let c = 1419 - 1432. Let v(y) = -4*y - 48. Give v(c).
4
Let y(r) = -r**2 - r + 1. Let o(i) be the third derivative of -3*i**5/20 - 3*i**4/8 + 4*i**3/3 + 8*i**2. Let g(d) = 3*o(d) - 24*y(d). Calculate g(-2).
-6
Let t(o) = o**3 - 4*o**2 + o. Suppose -88 = -5*w - 8. Let g = w - -23. Let s be g/12 + (-2)/8. What is t(s)?
-6
Let p(s) = -4*s**3 + 2*s**2 - 4*s + 1. Let l be p(1). Let d be 1 + (l - -3) + -6. Let t(v) = v**2 + 6*v - 1. Give t(d).
6
Let x = -52 + 54. Let r(m) = -52 - m + x*m - 2*m + 55. Calculate r(-3).
6
Let j(s) = s**2 - 5*s. Let z(d) = -d + 6. Let i be (-4 - (-1 + 5))/(-2). Let w be z(i). Suppose 20 = w*c + 3*c. Give j(c).
-4
Let x(k) be the second derivative of 37*k**5/20 - k**3/6 - 206*k. What is x(1)?
36
Let u(m) be the first derivative of 7*m**5/120 + 8*m**3/3 - 9. Let n(d) be the third derivative of u(d). Give n(-1).
-7
Let n(i) = 3 + 17 - 4*i - 9 + 13. Calculate n(8).
-8
Let v = -134 + 138. Suppose -2*j - v*k = -26, -4*k + 22 = -j + 5. Let q(p) be the third derivative of p**6/120 - p**5/20 + p**3/3 - p**2. Determine q(j).
2
Let w(p) = 7. Let k(x) = -x - 1. Let n(u) = 2*k(u) + w(u). Let g = 2730 + -2724. What is n(g)?
-7
Let u(n) be the first derivative of -2*n**3/3 - n**2/2 - n + 22. Let k be (-2)/6 - (-14)/(-21). What is u(k)?
-2
Suppose -24 = 472*c - 478*c. Let l(m) be the first derivative of 3 - c*m**2 - 7*m - 1/3*m**3. What is l(-6)?
5
Let r = -4 + 3. Let p(h) = 4*h + 1. Let v be p(r). Let t(b) be the third derivative of b**6/120 + b**5/20 - b**3/2 + 105*b**2. Determine t(v).
-3
Suppose 2*b = 6 + 8. Let o(k) = -1. Let w(t) = -9*t - 16. Let c(i) = 3*o(i) + w(i). Let m(f) = 5*f + 10. Let y(p) = b*m(p) + 4*c(p). What is y(-5)?
-1
Let n(x) = -13*x**2 + 5*x + 3. Let o(q) = 11*q**2 - 5*q - 3. Let p(d) = 5*n(d) + 6*o(d). Calculate p(5).
-3
Suppose 9*f - 986 + 1013 = 0. Let q(d) = d**2 - d + 2. Let l be q(0). Let a(k) = -2*k - l*k + 0*k. Determine a(f).
12
Let h(x) = -x**2 + 8*x - 7. Let m(l) = -l**2 - 8*l. Let w be m(-1). Calculate h(w).
0
Let u(n) be the first derivative of n**5/120 - 7*n**4/12 - 10*n**3 - 33. Let q(m) be the third derivative of u(m). Calculate q(6).
-8
Let w(c) = -c**2 + 7*c - 9. Let u be 21/(-9)*10/((-10)/3). Calculate w(u).
-9
Let p(w) = 2*w + 5. Suppose 4*l = -5*z + 32, -z - 3*l = 2 - 4. Let a(i) = i**3 - 28*i**2 + 4*i - 100. Let g be a(28). Let f be 2/(-1) + (z - g). Calculate p(f).
-7
Let g(b) be the second derivative of 2*b**5/5 + b**4/4 - b**3/6 - b**2 - 676*b. Give g(-1).
-6
Let i(k) = k**2 - 5*k - 7. Suppose s - 4*n = -6, -s + 4*n = -4*s + 62. Let f be s/8*(6 - 2). What is i(f)?
7
Let d(o) be the first derivative of -o**3/3 - 5*o**2/2 + 3*o + 51. What is d(-3)?
9
Let p(z) = z**2 - 3*z + 3. Let b be p(7). Suppose 2*q - 6 - 5 = -3*y, -3*q + 5*y - b = 0. Let t = q - -6. Let k(j) = j**3 - 3*j**2 - 4*j + 2. Calculate k(t).
2
Let w(t) be the third derivative of -t**8/20160 + t**7/2520 + t**6/240 - 11*t**5/60 - 7*t**2. Let a(y) be the third derivative of w(y). What is a(4)?
-5
Let x(f) = -3*f - f**3 - 3*f**2 - f + 2*f**3 - 3. Suppose 3*j - q + 4 - 73 = 0, -j = q - 19. Let d = 26 - j. Give x(d).
-3
Let q(v) = -v + 6. Let y be (15 + -1)/(-4 - -6). Let c = -15 + y. Let o = -2 - c. Give q(o).
0
Let k(i) be the third derivative of i**6/120 + i**5/20 - 7*i**4/24 - i**3 - i**2. Let q = 3058 + -3062. Calculate k(q).
6
Let h(i) be the third derivative of i**4/2 - 5*i**3/6 + 42*i**2 + i. Determine h(-4).
-53
Let d(q) = -q**3 + 7*q**2 + 9*q - 4. Let h(t) = -6*t + 26. Let i be h(6). Let o be (-10)/3*24/i. Calculate d(o).
4
Let f(q) be the first derivative of q**4/4 - 2*q**3/3 - 7*q**2/2 - 8*q - 574. Give f(4).
-4
Let u(n) = -6*n + 1344 - n**2 - 1352 - 6*n. What is u(-7)?
27
Let b(z) be the third derivative of z**6/1